{"id":746,"date":"2024-04-12T11:05:12","date_gmt":"2024-04-12T15:05:12","guid":{"rendered":"http:\/\/campuzanoabogados.mx\/?page_id=746"},"modified":"2024-04-12T11:27:29","modified_gmt":"2024-04-12T15:27:29","slug":"aviso-de-privacidad","status":"publish","type":"page","link":"http:\/\/campuzanoabogados.mx\/index.php\/aviso-de-privacidad\/","title":{"rendered":"AVISO DE PRIVACIDAD"},"content":{"rendered":"<div class=\"wpb-content-wrapper\"><p>[vc_section][vc_row][vc_column][vc_column_text]<\/p>\n<p style=\"text-align: justify;\">La protecci\u00f3n de su privacidad es importante para <strong>Campuzano Abogados<\/strong>, ubicado en Av. Prado Norte #325, Lomas de Chapultepec lll secci\u00f3n, Miguel Hidalgo, 11000, Ciudad de M\u00e9xico. En virtud de ello, nos comprometemos a mantener su confianza protegiendo la informaci\u00f3n personal que recopilemos, as\u00ed como el uso que le demos.<\/p>\n<p style=\"text-align: justify;\">Por lo anterior, ponemos a su disposici\u00f3n el presente Aviso de Privacidad, a fin de que conozca nuestras pr\u00e1cticas al obtener, usar, almacenar y tratar sus datos personales, de conformidad con la Ley Federal de Protecci\u00f3n de Datos Personales en Posesi\u00f3n de los Particulares y dem\u00e1s normatividad aplicable (en adelante \u201cla Ley\u201d).<\/p>\n<p style=\"text-align: justify;\"><strong>I. DATOS PERSONALES QUE RECOLECTAMOS<\/strong><\/p>\n<p style=\"text-align: justify;\">Usted puede navegar por nuestro sitio web sin proporcionar datos personales, sin embargo, existen determinadas secciones dentro del mismo en donde puede proporcionar voluntariamente sus datos. En este \u00faltimo caso, <strong>Campuzano Abogados<\/strong> recolectar\u00e1 los siguientes datos personales:<\/p>\n<p style=\"text-align: justify;\">\u2013 Datos de identificaci\u00f3n.<br \/>\n\u2013 Datos de contacto.<br \/>\n\u2013 Datos acad\u00e9micos.<br \/>\n\u2013 Datos financieros y patrimoniales.<br \/>\n\u2013 Datos de facturaci\u00f3n.<br \/>\n\u2013 Documentos con informaci\u00f3n legal o contractual, p\u00fablica o privada.<br \/>\n\u2013 Im\u00e1genes de personas o documentos.<\/p>\n<p style=\"text-align: justify;\"><strong>II. FINALIDAD Y USO DE LOS DATOS PERSONALES<\/strong><\/p>\n<p style=\"text-align: justify;\"><strong>Campuzano Abogados<\/strong>, puede utilizar sus datos personales para diversas finalidades dependiendo de las circunstancias particulares en las que se recaban, pero siempre obedeciendo a las disposiciones establecidas por la Ley. En general, los datos personales que recabamos se utilizar\u00e1n para las siguientes finalidades:<\/p>\n<p style=\"text-align: justify;\">I. Responder a dudas y\/o solicitudes de informaci\u00f3n sobre los servicios espec\u00edficos que sean prestados o solicitados.<br \/>\nII. Para mantenernos en contacto con usted cuando decide enviar su curriculum vitae.<br \/>\nIII. Informar a los solicitantes sobre los servicios legales que prestamos, incluyendo sus modalidades y tarifas.<br \/>\nIV. Informar a nuestros clientes y visitantes acerca de las personas que laboran en nuestra organizaci\u00f3n, as\u00ed como de la experiencia acad\u00e9mica y profesional de las mismas.<br \/>\nV. Informar a nuestros clientes y visitantes acerca de los casos, clientes y experiencia profesional de <strong>Campuzano Abogados<\/strong> y de las personas que colaboran con la firma.<br \/>\nVI. Facturaci\u00f3n de los servicios proporcionados, as\u00ed como su cobro judicial o extrajudicial.<br \/>\nVII. Gesti\u00f3n, control, administraci\u00f3n y actualizaci\u00f3n de la base de datos de nuestros clientes.<br \/>\nVIII. Para enviarle informaci\u00f3n que pueda ser de su inter\u00e9s.<br \/>\nIX. Gesti\u00f3n, control, administraci\u00f3n y actualizaci\u00f3n de la base de datos de nuestros proveedores.<br \/>\nX. Para controlar el acceso y mantener la seguridad de nuestras instalaciones.<\/p>\n<p style=\"text-align: justify;\"><strong>III. TRANSFERENCIA DE DATOS PERSONALES<\/strong><\/p>\n<p style=\"text-align: justify;\">En t\u00e9rminos del art\u00edculo 68 del Reglamento de la Ley de Datos Personales y el art\u00edculo 36 de dicha ley, usted consiente y autoriza expresamente cualquier transferencia de sus datos personales que realicemos, por lo tanto, <strong>Campuzano Abogados<\/strong> podr\u00e1 transferir sus datos personales a terceros \u00fanicamente con el fin de cumplir con las finalidades descritas en el presente Aviso de Privacidad. <strong>Campuzano Abogados<\/strong> tambi\u00e9n podr\u00e1 transferir sus datos personales en los casos espec\u00edficamente previstos en la Ley.<\/p>\n<p style=\"text-align: justify;\"><strong>IV. DERECHOS DE ACCESO, RECTIFICACI\u00d3N, CANCELACI\u00d3N Y OPOSICI\u00d3N<\/strong><\/p>\n<p style=\"text-align: justify;\">Usted tiene derecho a conocer qu\u00e9 datos personales tenemos de usted, para qu\u00e9 los utilizamos y las condiciones de uso que les damos (Acceso). Asimismo, es su derecho solicitar la correcci\u00f3n de su informaci\u00f3n personal en caso de que est\u00e9 desactualizada, sea inexacta o incompleta (Rectificaci\u00f3n); que la eliminemos de nuestros registros o bases de datos cuando considere que la misma no est\u00e1 siendo utilizada conforme a los principios, deberes y obligaciones previstas en la normativa (Cancelaci\u00f3n); as\u00ed como oponerse al uso de sus datos personales para fines espec\u00edficos (Oposici\u00f3n). Estos derechos se conocen como derechos ARCO.<\/p>\n<p style=\"text-align: justify;\">Usted podr\u00e1 ejercitar los derechos anteriormente mencionados a trav\u00e9s del env\u00edo de su solicitud en los t\u00e9rminos establecidos por la Ley al correo electr\u00f3nico: <strong>contacto@campuzanoabogados.mx<\/strong> o al domicilio especificado en el primer p\u00e1rrafo del presente aviso.<\/p>\n<p style=\"text-align: justify;\">La respuesta se dar\u00e1 v\u00eda electr\u00f3nica a la direcci\u00f3n de correo que se especifique en la solicitud.<\/p>\n<p style=\"text-align: justify;\"><strong>V. USO DE TECNOLOG\u00cdAS DE SEGUIMIENTO<\/strong><\/p>\n<p style=\"text-align: justify;\">Nuestro sitio de internet <strong>campuzanoabogados.mx<\/strong> guarda cookies en su dispositivo para recordar sus preferencias y analizar el uso que usted d\u00e9 al mismo. Si contin\u00faa navegando se entender\u00e1 que usted otorga su consentimiento para la colocaci\u00f3n y uso de dichas cookies.<\/p>\n<p style=\"text-align: justify;\">Estos datos se recaban \u00fanicamente con los siguientes prop\u00f3sitos: generar estad\u00edsticas relativas a las visitas a nuestro sitio web, al tiempo que pasa en el mismo, y los sitios de referencia que puedan haberle tra\u00eddo al nuestro. Esta informaci\u00f3n tambi\u00e9n se utiliza para mantener y actualizar los perfiles de los usuarios y para adecuar o personalizar la informaci\u00f3n que se proporciona por este medio.<\/p>\n<p style=\"text-align: justify;\">Es posible deshabilitar estas tecnolog\u00edas de seguimiento en todo tipo de buscadores; sin embargo, para ejemplificar se se\u00f1alan a continuaci\u00f3n los pasos que hay que seguir para deshabilitarlas en Google Chrome: Ir al men\u00fa \u201cHerramientas\u201d; dar clic en \u201cborrar datos de navegaci\u00f3n\u201d, seleccionar la opci\u00f3n \u201celiminar cookies y otros datos de sitios y de complementos\u201d, dar clic en \u201caceptar\u201d. Al deshabilitar o bloquear estos mecanismos se puede ocasionar que nuestro sitio no funcione correctamente. Para saber m\u00e1s sobre el tema, consulte justify:\/\/www.allaboutcookies.org\/es\/.<\/p>\n<p style=\"text-align: justify;\"><strong>VI. MEDIDAS DE SEGURIDAD<\/strong><\/p>\n<p style=\"text-align: justify;\"><strong>Campuzano Abogados<\/strong> implementa las medidas de seguridad, administrativas, t\u00e9cnicas y f\u00edsicas necesarias y a su alcance para proteger los datos personales contra da\u00f1o, p\u00e9rdida, alteraci\u00f3n, destrucci\u00f3n o el uso, acceso o tratamiento no autorizado.<\/p>\n<p style=\"text-align: justify;\">Si usted considera que su derecho a la protecci\u00f3n de sus datos personales ha sido lesionado por alguna conducta u omisi\u00f3n de nuestra parte, o presume alguna violaci\u00f3n a las disposiciones previstas en la Ley Federal de Protecci\u00f3n de Datos Personales en Posesi\u00f3n de los Particulares, su Reglamento y dem\u00e1s ordenamientos aplicables, podr\u00e1 interponer su inconformidad o denuncia ante el Instituto Nacional de Transparencia, Acceso a la Informaci\u00f3n y Protecci\u00f3n de Datos Personales (INAI). Para mayor informaci\u00f3n, le sugerimos visitar su p\u00e1gina oficial de internet <strong>www.inai.org.mx.<\/strong><\/p>\n<p style=\"text-align: justify;\"><strong>VII. ENLACES A OTROS SITIOS WEB<\/strong><\/p>\n<p style=\"text-align: justify;\">Nuestra p\u00e1gina web <strong>campuzanoabogados.mx<\/strong> puede, para su mejor conveniencia, contener enlaces que lo dirigir\u00e1n a otros sitios web. <strong>Campuzano Abogados<\/strong> no ha revisado el aviso de privacidad de dichos sitios, por lo tanto, no garantiza ni se hace responsable por el contenido de los mismos. Lo invitamos a leer cuidadosamente el aviso de privacidad de cada sitio web que visite en internet.<\/p>\n<p style=\"text-align: justify;\"><strong>VIII. CAMBIOS AL AVISO DE PRIVACIDAD<\/strong><\/p>\n<p style=\"text-align: justify;\">El presente aviso de privacidad puede sufrir modificaciones, cambios o actualizaciones derivadas de nuevos requerimientos legales, de nuestras propias necesidades por los servicios que ofrecemos; de nuestras pr\u00e1cticas de privacidad o por otras causas. Nos comprometemos a mantenerlo informado sobre los cambios que pueda sufrir el presente aviso de privacidad, a trav\u00e9s de nuestro sitio web: <strong>campuzanoabogados.mx<\/strong><\/p>\n<p style=\"text-align: justify;\"><strong>IX. CONTACTO<\/strong><\/p>\n<p style=\"text-align: justify;\">En caso de tener dudas o comentarios respecto del presente Aviso de Privacidad, le pedimos contactarnos a trav\u00e9s de la siguiente direcci\u00f3n de correo electr\u00f3nico <strong>contacto@campuzanoabogados.mx<\/strong> o a la direcci\u00f3n mencionada en el primer p\u00e1rrafo del presente aviso.<\/p>\n<p>[\/vc_column_text][\/vc_column][\/vc_row][\/vc_section]<\/p>\n<\/div>","protected":false},"excerpt":{"rendered":"<p>[vc_section][vc_row][vc_column][vc_column_text] La protecci\u00f3n de su privacidad es importante para Campuzano Abogados, ubicado en Av. Prado Norte #325, Lomas de Chapultepec lll secci\u00f3n, Miguel Hidalgo, 11000, Ciudad de M\u00e9xico. En virtud de ello, nos comprometemos a mantener su confianza protegiendo la informaci\u00f3n personal que recopilemos, as\u00ed como el uso que le demos. Por lo anterior, ponemos [&hellip;]<\/p>\n","protected":false},"author":1,"featured_media":0,"parent":0,"menu_order":0,"comment_status":"closed","ping_status":"closed","template":"page-templates\/template-fullwidth.php","meta":{"footnotes":""},"class_list":["post-746","page","type-page","status-publish","hentry"],"_links":{"self":[{"href":"http:\/\/campuzanoabogados.mx\/index.php\/wp-json\/wp\/v2\/pages\/746","targetHints":{"allow":["GET"]}}],"collection":[{"href":"http:\/\/campuzanoabogados.mx\/index.php\/wp-json\/wp\/v2\/pages"}],"about":[{"href":"http:\/\/campuzanoabogados.mx\/index.php\/wp-json\/wp\/v2\/types\/page"}],"author":[{"embeddable":true,"href":"http:\/\/campuzanoabogados.mx\/index.php\/wp-json\/wp\/v2\/users\/1"}],"replies":[{"embeddable":true,"href":"http:\/\/campuzanoabogados.mx\/index.php\/wp-json\/wp\/v2\/comments?post=746"}],"version-history":[{"count":4,"href":"http:\/\/campuzanoabogados.mx\/index.php\/wp-json\/wp\/v2\/pages\/746\/revisions"}],"predecessor-version":[{"id":754,"href":"http:\/\/campuzanoabogados.mx\/index.php\/wp-json\/wp\/v2\/pages\/746\/revisions\/754"}],"wp:attachment":[{"href":"http:\/\/campuzanoabogados.mx\/index.php\/wp-json\/wp\/v2\/media?parent=746"}],"curies":[{"name":"wp","href":"https:\/\/api.w.org\/{rel}","templated":true}]}}