{"id":700,"date":"2024-04-11T21:51:33","date_gmt":"2024-04-12T01:51:33","guid":{"rendered":"http:\/\/campuzanoabogados.mx\/?page_id=700"},"modified":"2024-04-12T13:47:57","modified_gmt":"2024-04-12T17:47:57","slug":"jose-manuel-del-rio-sanchez","status":"publish","type":"page","link":"http:\/\/campuzanoabogados.mx\/index.php\/jose-manuel-del-rio-sanchez\/","title":{"rendered":"JOS\u00c9 MANUEL DEL R\u00cdO S\u00c1NCHEZ"},"content":{"rendered":"<div class=\"wpb-content-wrapper\"><p>[vc_section][vc_row][vc_column][vc_column_text]<\/p>\n<p style=\"text-align: justify;\"><span style=\"font-weight: 400;\"><img loading=\"lazy\" decoding=\"async\" class=\"size-full wp-image-761 alignright\" src=\"http:\/\/campuzanoabogados.mx\/wp-content\/uploads\/2024\/04\/k2.jpg\" alt=\"\" width=\"450\" height=\"535\" srcset=\"http:\/\/campuzanoabogados.mx\/wp-content\/uploads\/2024\/04\/k2.jpg 450w, http:\/\/campuzanoabogados.mx\/wp-content\/uploads\/2024\/04\/k2-252x300.jpg 252w, http:\/\/campuzanoabogados.mx\/wp-content\/uploads\/2024\/04\/k2-70x82.jpg 70w, http:\/\/campuzanoabogados.mx\/wp-content\/uploads\/2024\/04\/k2-300x357.jpg 300w\" sizes=\"auto, (max-width: 450px) 100vw, 450px\" \/>Graduado con menci\u00f3n honor\u00edfica <\/span><span style=\"font-weight: 400;\">por resoluci\u00f3n de caso pr\u00e1ctico con la Tesis \u201cPrincipio de Proporcionalidad en el Sistema Integral de Justicia para Adolescentes\u201d, <\/span><span style=\"font-weight: 400;\">Jos\u00e9 Manuel del R\u00edo S\u00e1nchez, egres\u00f3 de la Escuela Libre de Derecho en 2010.<\/span><\/p>\n<p style=\"text-align: justify;\"><span style=\"font-weight: 400;\">Maestro en Derecho Constitucional y Derechos Humanos por la Universidad Panamericana en 2019. Durante su formaci\u00f3n, particip\u00f3 en el programa de capacitaci\u00f3n para capacitadores organizado por la Secretar\u00eda T\u00e9cnica del Consejo de Coordinaci\u00f3n para la Implementaci\u00f3n del Sistema de Justicia Penal de la Secretar\u00eda de Gobernaci\u00f3n en 2009.<\/span><\/p>\n<p style=\"text-align: justify;\"><span style=\"font-weight: 400;\">En su trayectoria laboral, Jos\u00e9 Manuel ocup\u00f3 cargos significativos en el \u00e1mbito judicial, destac\u00e1ndose como Oficial Administrativo adscrito a diversos Tribunales Colegiados en Materia Penal del Primer Circuito entre 2008 y 2011. Ejerci\u00f3 como Secretario de Acuerdos y Proyectista del Tercer Tribunal Colegiado en Materia Penal del Primer Circuito desde 2012 hasta 2021.<\/span><\/p>\n<p style=\"text-align: justify;\"><span style=\"font-weight: 400;\">Desde febrero de 2021, se ha desempe\u00f1ado de manera importante y activa en Campuzano Abogados, contribuyendo significativamente en el dise\u00f1o e implementaci\u00f3n de estrategias jur\u00eddicas en casos de gran relevancia nacional. <\/span><span style=\"font-weight: 400;\">\u00a0En particular, ha participado en la defensa del exgobernador del Estado de Veracruz, Licenciado Javier Duarte de Ochoa, en los distintos procesos que se le siguen tanto a nivel Federal como a nivel estatal. De igual forma, ha participado de manera ininterrumpida en la asesor\u00eda y defensa de Karime Mac\u00edas Tubilla, quien tiene paralizada su extradici\u00f3n a M\u00e9xico.<\/span><\/p>\n<p>[\/vc_column_text][\/vc_column][\/vc_row][\/vc_section]<\/p>\n<\/div>","protected":false},"excerpt":{"rendered":"<p>[vc_section][vc_row][vc_column][vc_column_text] Graduado con menci\u00f3n honor\u00edfica por resoluci\u00f3n de caso pr\u00e1ctico con la Tesis \u201cPrincipio de Proporcionalidad en el Sistema Integral de Justicia para Adolescentes\u201d, Jos\u00e9 Manuel del R\u00edo S\u00e1nchez, egres\u00f3 de la Escuela Libre de Derecho en 2010. Maestro en Derecho Constitucional y Derechos Humanos por la Universidad Panamericana en 2019. Durante su formaci\u00f3n, particip\u00f3 [&hellip;]<\/p>\n","protected":false},"author":1,"featured_media":0,"parent":0,"menu_order":0,"comment_status":"closed","ping_status":"closed","template":"page-templates\/template-fullwidth.php","meta":{"footnotes":""},"class_list":["post-700","page","type-page","status-publish","hentry"],"_links":{"self":[{"href":"http:\/\/campuzanoabogados.mx\/index.php\/wp-json\/wp\/v2\/pages\/700","targetHints":{"allow":["GET"]}}],"collection":[{"href":"http:\/\/campuzanoabogados.mx\/index.php\/wp-json\/wp\/v2\/pages"}],"about":[{"href":"http:\/\/campuzanoabogados.mx\/index.php\/wp-json\/wp\/v2\/types\/page"}],"author":[{"embeddable":true,"href":"http:\/\/campuzanoabogados.mx\/index.php\/wp-json\/wp\/v2\/users\/1"}],"replies":[{"embeddable":true,"href":"http:\/\/campuzanoabogados.mx\/index.php\/wp-json\/wp\/v2\/comments?post=700"}],"version-history":[{"count":2,"href":"http:\/\/campuzanoabogados.mx\/index.php\/wp-json\/wp\/v2\/pages\/700\/revisions"}],"predecessor-version":[{"id":762,"href":"http:\/\/campuzanoabogados.mx\/index.php\/wp-json\/wp\/v2\/pages\/700\/revisions\/762"}],"wp:attachment":[{"href":"http:\/\/campuzanoabogados.mx\/index.php\/wp-json\/wp\/v2\/media?parent=700"}],"curies":[{"name":"wp","href":"https:\/\/api.w.org\/{rel}","templated":true}]}}